t - 78. Let o(z) = -5*f(z) + 2*q(z). What is the units digit of o(-22)?
7
Suppose 11 = 4*o - 9. Let x(r) = r**2 - r + 4. Let y be x(o). Let w = y - 16. What is the units digit of w?
8
Suppose 3*g + 4 = -2*y, 5*g + y = 3 - 5. What is the tens digit of (4 + -3 - g) + 23?
2
Let t(v) = -v**3 + v**2 + 10*v + 12. Let h be t(-8). Suppose 6*p - 284 = h. What is the tens digit of p?
3
Let s = -318 + 518. What is the tens digit of s?
0
Let j = -23 + 26. Suppose 5*o - 929 = -i, 3*o - j*i - 913 = -2*o. What is the units digit of o?
5
Suppose -19 = 3*f + 2. Let m = 1 - f. Let y = m + 14. What is the tens digit of y?
2
Suppose -3*p - 10269 = -10*p. What is the units digit of p?
7
Suppose 4*b = -5*u + 3, 11 = -2*b - 4*u - u. Suppose -b*q - q = -1488. What is the hundreds digit of q?
1
Let l(i) = 352*i**2 - 6*i - 10. Let h be l(-2). What is the tens digit of ((-12)/20)/((-6)/h)?
4
Let b(d) = -d + 3*d**2 + 2*d + 6 - 2. Let r(g) = -2*g + 1. Let a be r(2). What is the tens digit of b(a)?
2
Let v(l) = l - 7. Let j be v(7). Suppose 5*a + 25 = j, -16 = 2*n + 4*a - 0*a. Suppose -3*z + n*z = -33. What is the units digit of z?
3
Let i(m) = 5*m - 13. Let s be i(3). Suppose 80 = 4*d - 3*a - 342, s*a = -4*d + 412. What is the hundreds digit of d?
1
Let o = 12 - 9. Let y = o + 9. Let s(h) = 3*h - 5. What is the units digit of s(y)?
1
Suppose -5*u - 91 = 3*p, 0 = 5*u - u + 8. Let w be (1 + 0)*p/(-3). Let n(k) = 5*k + 9. What is the tens digit of n(w)?
5
Let p be ((-2)/(-3))/(16/(-24)). Let j be p/(-1)*(-39)/3. Let l = j + 40. What is the tens digit of l?
2
Suppose -2*f - 1503 = -0*b - 5*b, 5*b = -3*f + 1508. Suppose 0 = -2*k - 5*o + 125 + b, k - 210 = -4*o. What is the units digit of k?
8
Let g be -1*(-3 + 2/2). Suppose 0 = -4*q - g*o - 8, -2*q + q = -3*o + 9. Let j = 1 - q. What is the units digit of j?
4
Let u = -64 - -42. What is the units digit of (-17 + 1)*u/4?
8
Let q = 1162 + -864. What is the hundreds digit of q?
2
Let d = -856 + 1423. What is the units digit of d?
7
Let y = 15 - 12. What is the tens digit of (y + -13)*52/(-10)?
5
Let m(l) = 21*l**2 + 2*l + 32. What is the tens digit of m(-7)?
4
Let f = 1253 + -820. What is the units digit of f?
3
Let v(q) = 34 + 8*q - 91 - q**3 + 45 + 9*q**2. What is the units digit of v(7)?
2
Let c(b) = -b**2 + 8*b + 3*b**2 - 6*b + 9*b. What is the units digit of c(5)?
5
Let v(w) = 2*w**2 - 17*w - 7 + 0*w**2 - 3*w**2. What is the units digit of v(-7)?
3
Let p(n) = 60*n**2 + 5*n - 3. Let j(k) = -20*k**2 - 2*k + 1. Let h(m) = 8*j(m) + 3*p(m). What is the tens digit of h(3)?
7
Suppose 0 = 2*l - 317 - 31. Suppose 6*w = 4*w + l. What is the tens digit of w?
8
Let z(i) = 44*i + 10. Let o be z(1). Suppose 5*c + 3*l = -3, 0 = -0*c - 3*c - 2*l - 2. Suppose 16 = -4*v, 5*v + o = -c*f + f. What is the tens digit of f?
3
Let b = 49 - 46. Suppose 4*j - b*o - 422 = -18, -2*j - 2*o + 188 = 0. What is the units digit of j?
8
Let b(o) = -24*o + 37. What is the hundreds digit of b(-8)?
2
Suppose 0 = 2*o - 3*s - 162, -2*s = o + 3*o - 308. Suppose 0 = -2*x + o + 34. What is the tens digit of x?
5
Suppose -2*v = -5*k + 3*v + 1925, 3*k + 5*v - 1115 = 0. What is the hundreds digit of k?
3
Suppose 10*j = -17 - 3. What is the tens digit of j/(-5)*30*30/9?
4
Let g(r) = 3*r**3 - r**2. Let o be g(1). Let z be (312/(-8))/((-3)/o). Suppose 2*f = f + z. What is the tens digit of f?
2
Let g be (3 + -4 - -5)*-1. Let r(y) = -y**2 + 6*y + 1. Let v be r(5). Let j = g + v. What is the units digit of j?
2
Let m be (-46)/(3/(-9) + (1 - 1)). Suppose -a = 3*t - 144, 0*t - 3*a + m = 3*t. What is the tens digit of t?
4
Suppose 21 = 4*i - 3. Let m(o) = -o**3 + 0*o**3 - 4*o + 2*o + 0*o**3 - 6*o**2 - i. What is the units digit of m(-6)?
6
Let b = -503 + 671. What is the hundreds digit of b?
1
Suppose 5*h + 4 = 29. Suppose 17*t - 1860 = h*t. What is the tens digit of t?
5
Let v be 9/6*(-16)/(-6). Let j(b) = -b**2 - 8*b - 2 + 0*b**2 + v - 5. What is the units digit of j(-6)?
9
Let n be (-1*8 - -3)/(-1). Suppose -3*j - 2*o - 128 = -n*j, -4*j - 3*o = -235. What is the units digit of j?
1
Let n be (-1000)/(-14) + (-16)/(-28). Let u = 70 + n. Let s = -77 + u. What is the units digit of s?
5
Let p(r) = 652*r**3 - 5*r**2 + 9*r - 9. What is the hundreds digit of p(2)?
2
Suppose 0 = -3*f + 2870 + 1927. What is the units digit of f?
9
Suppose j - 26 = g - 3*g, -5*j + 2*g = -154. Suppose 5 = 5*i - j. What is the units digit of ((-1)/1 + 3)*i?
4
Let b(v) = 2572*v**2 - 8*v + 7. What is the hundreds digit of b(1)?
5
Suppose -s - 5*s = 0. Suppose 3*y + 4*y - 140 = s. What is the tens digit of y?
2
Let r be 1/(((-2)/(-23))/(-2)). Let j = 43 - r. What is the units digit of j?
6
Let u be 268/7 - (-30)/(-105). Suppose 2*y = 5*r + 96, u = y - r - 4*r. What is the tens digit of y?
5
Let p(q) = 9*q**2 + q + 1. Let g be 30/8*(-40)/(-6). Let m = 27 - g. What is the units digit of p(m)?
9
Let d(m) = -65*m + 283. What is the units digit of d(-40)?
3
Suppose g + 2 = 6. Suppose -4*k = 2*r - 12 - 4, 2*k + g = 2*r. Suppose 4*o - 2*o = 5*z - 84, -r*z - 3*o = -58. What is the tens digit of z?
1
Let y = 2012 + -750. What is the units digit of y?
2
Let q = -698 - -2481. What is the hundreds digit of q?
7
Suppose 150*t - 6048 = 136*t. What is the units digit of t?
2
Let q(a) be the third derivative of -7*a**4/12 + 17*a**3/3 - 28*a**2. What is the tens digit of q(-3)?
7
Let s be (-8)/((-3)/((-6)/2)). Let h = s - 17. Let g = -8 - h. What is the tens digit of g?
1
Suppose 0 = -17*d - 626 + 4536. What is the hundreds digit of d?
2
Suppose 455 = 4*s - 557. Suppose 0*u - 5*u = -4*q - s, 3*q - 115 = -2*u. What is the units digit of u?
3
Suppose 5*d + 1257 = 3*h, 4*h + 2*d = 3*d + 1659. What is the units digit of h?
4
Let f be 0 + 3 + -7 - 2. Let h be ((-236)/12)/(2/f). Let k = -31 + h. What is the tens digit of k?
2
Let f(t) = 35 + t + 3*t - 2*t - t. What is the tens digit of f(-18)?
1
Suppose 3*y + 3 = -s, 3*s + 15 = y - 2*s. Suppose 0*r + 3*r - 24 = y. What is the tens digit of ((-2)/8)/(r/(-2336))?
7
Let x be 28/(-35) + (-159)/(-5). Suppose -b + 123 = x. What is the units digit of b?
2
Let u(y) = 2*y**3 - 10*y**3 + 3 + 5*y + 5*y**2 + 7*y**3. Let x(z) = -5*z**3 - z**2 + 1. Let g be x(-1). What is the units digit of u(g)?
8
Let u(f) = 3*f**2 - 7*f - 2. Let l be u(5). Suppose 26*t + l = 27*t. Let y = 2 + t. What is the tens digit of y?
4
Suppose 0 = f + 2*t - 11, 3*t + 29 = f - t. Let w(u) = u**3 - 18*u**2 + 22*u + 4. What is the units digit of w(f)?
9
Let q = 1244 - 728. What is the tens digit of q?
1
Let v(a) = a**3 + 12*a**2 - 7*a + 2. What is the tens digit of v(-6)?
6
Suppose 8*m = -640 + 6032. What is the tens digit of m?
7
Suppose -5*b + 1 = -x, 4*b + 5 = -11*x + 6*x. Let u(l) = l**2 - l + 31. Let r be u(b). Let t = r + -14. What is the units digit of t?
7
Let i = 43 + -91. Let m = 57 + i. What is the units digit of m?
9
Let l be ((-26)/(-8) - (-3)/(-12)) + 2. Suppose 0 = y + 3*i - 1, 3*y - 4*y - l*i - 1 = 0. What is the units digit of y?
4
Suppose 3*s + 9075 = 4*w + w, -4*w = -s - 7253. What is the tens digit of w?
1
Let s(c) = -5*c**2 + c**3 - 1 - 4*c**2 + 7*c**2. Suppose -2*q + 2 = -4. What is the units digit of s(q)?
8
Let q(m) = -m - 3. Let d be q(-10). Let p(l) = 2*l**3 - 8*l**2 - 15*l. What is the units digit of p(d)?
9
Let z be (-573)/(5 - (-6)/(-1)). Suppose -2*g - 2*g + 12 = 0, 0 = 3*p - g - z. What is the units digit of p?
2
What is the thousands digit of (-5 - -1)/((-5)/1845)?
1
Let k = 381 + 104. What is the tens digit of k?
8
Suppose 11*k = 9*k + 4. Suppose 2*y = k + 4, -3*j + 264 = y. Let o = j + -51. What is the tens digit of o?
3
Let i(f) be the second derivative of -7*f**3/6 + 7*f**2/2 - 7*f. What is the tens digit of i(-13)?
9
Suppose -4*q = -1161 - 1395. What is the tens digit of q?
3
Let z(w) = w**3 - 3*w - 17 - 2*w**2 + 16 + 2*w. Let t be z(-1). What is the tens digit of 8/t*33/(-4)?
2
Let a = -48 - -64. What is the tens digit of a?
1
Let a(r) = -r**2 + 7*r - 2. Let v be (-8)/(-44) + (-106)/(-22). Let x be a(v). Let b(t) = t + 6. What is the tens digit of b(x)?
1
What is the units digit of 8803/5 - (-56)/40?
2
Let s(o) = o**2 - 12*o. Let q(g) = 3*g**2 - 24*g + 1. Let m(y) = 2*q(y) - 5*s(y). Let r be m(-8). Let n = r + 52. What is the tens digit of n?
2
Suppose -2813 = -14*t + 7057. Wh